d) = -4*d**2 - d + 28. What is w(-3)?
-5
Let t(f) = -2*f**3 - 263*f**2 + 130*f - 254. Determine t(-132).
10
Let a(w) = 88*w - 2106. Give a(24).
6
Let c(t) = -44*t**2 + 25*t + 4. Determine c(2).
-122
Let j(a) = 35*a + 5. Calculate j(-7).
-240
Let k(m) = 2*m**2 - 60*m + 415. What is k(13)?
-27
Let p(w) = -12*w**2 - 433*w + 412. What is p(-37)?
5
Let f(r) = -10*r**2 - 106*r + 106. Determine f(1).
-10
Let s(a) = -44*a + 787. Give s(4).
611
Let c(a) = -a**3 - 16*a**2 - 23*a - 57. Determine c(-14).
-127
Let n(w) = -8*w**2 + 128*w + 147. Calculate n(17).
11
Let f(l) = 63*l**2 - 45*l + 2. Calculate f(2).
164
Let c(t) = -t**3 + 3*t**2 + 308*t - 617. Determine c(2).
3
Let o(u) = 144*u - 1254. Determine o(7).
-246
Let t(q) = -q**3 + 12*q**2 - 9*q + 14. Give t(10).
124
Let k(b) = -19*b + 482. Determine k(24).
26
Let s(w) = 4*w**2 + 136*w + 1141. Determine s(-19).
1
Let i(a) = a**2 + 34*a + 2. Determine i(7).
289
Let s(d) = -d**3 + 12*d**2 + 60*d - 4. Determine s(-4).
12
Let i(g) = 6*g - 34. Give i(8).
14
Let h(r) = r**3 + 18*r**2 - 13*r + 464. Calculate h(-20).
-76
Let y(p) = -1592*p - 26990. Determine y(-17).
74
Let m(j) = -2908*j - 81424. Give m(-28).
0
Let s(h) = -11*h + 136. Determine s(14).
-18
Let v(l) = 2*l**2 - 426*l - 19658. What is v(252)?
-2
Let x(t) = -4*t**2 - 398*t - 1525. What is x(-4)?
3
Let y(t) = 8*t**2 - 4*t + 4. What is y(6)?
268
Let y(o) = -2*o**3 + 79*o**2 - 37*o + 2. Give y(39).
80
Let i(c) = c**2 - 39*c + 65. Calculate i(27).
-259
Let c(t) = -t**2 - 13*t + 67. Determine c(3).
19
Let f(c) = -c**2 - 17*c - 40. Give f(-11).
26
Let x(m) = -338*m - 2833. What is x(-8)?
-129
Let k(f) = -114*f - 9814. What is k(-86)?
-10
Let p(i) = -190*i - 2695. What is p(-13)?
-225
Let l(v) = 22*v**3 + 3*v**2 + 2*v - 4. What is l(1)?
23
Let l(q) = -7*q**3 - 2*q**2 - 1. What is l(2)?
-65
Let s(f) = 99*f**2 - 108*f - 229. What is s(-2)?
383
Let l(s) = 9*s + 237. Calculate l(-26).
3
Let b(q) = -8*q + 701. Determine b(37).
405
Let u(v) = -520*v + 534. Calculate u(1).
14
Let v(a) = -a**2 + 120*a - 2088. Give v(20).
-88
Let m(k) = -419*k - 719. Give m(-3).
538
Let h(u) = -3*u**2 + 287*u - 2005. Determine h(88).
19
Let y(v) = -2*v**2 + 26*v - 6. What is y(13)?
-6
Let z(x) = x**3 - 46*x**2 + 484*x - 737. Give z(13).
-22
Let f(o) = -o**3 - 199*o**2 - 348*o + 9075. Determine f(-197).
13
Let w(f) = -f**2 - 6*f + 729. Calculate w(34).
-631
Let k(p) = -4728*p + 25. Calculate k(0).
25
Let g(t) = 2*t**3 + 29*t**2 - 98*t - 215. Determine g(-17).
6
Let o(q) = 20*q + 1051. Calculate o(-52).
11
Let z(h) = 1065*h - 3116. What is z(3)?
79
Let u(k) = -k**2 + 20*k + 12. Determine u(28).
-212
Let q(z) = -z**2 + 21*z - 88. Determine q(16).
-8
Let r(n) = 126*n + 590. Calculate r(-4).
86
Let v(o) = o**3 + 21*o**2 + 54*o - 10. What is v(-17)?
228
Let i(w) = 12*w**2 + 39*w + 154. What is i(-9)?
775
Let j(s) = s**2 - 26*s - 242. Calculate j(-10).
118
Let g(h) = -3*h**2 - 24*h - 77. Give g(-18).
-617
Let l(p) = -p**3 + 166*p**2 - 620*p - 4541. Calculate l(162).
-5
Let a(c) = 16*c**2 - 138*c - 14. Give a(9).
40
Let d(g) = -111*g + 753. What is d(6)?
87
Let m(u) = u**3 - 14*u**2 - 55*u - 17. What is m(17)?
-85
Let o(a) = 4*a**2 + 10*a - 8. Give o(1).
6
Let o(i) = -2*i - 28. Calculate o(-40).
52
Let p(d) = -d**2 - 460*d + 4679. Determine p(10).
-21
Let z(n) = -2*n**2 + 80*n + 145. Calculate z(42).
-23
Let i(k) = k**3 - 22*k - 33. Calculate i(-4).
-9
Let q(v) = -v**3 - 3*v**2 + 22*v - 11. Calculate q(-8).
133
Let r(l) = l**3 + 40*l**2 + 32*l - 170. What is r(-39)?
103
Let d(c) = -69*c - 2766. Give d(-42).
132
Let z(p) = 3*p**3 + 14*p**2 + 437*p + 1730. Give z(-4).
14
Let i(l) = 1055*l - 239483. Give i(227).
2
Let d(p) = -p**2 - 28*p - 140. Determine d(-6).
-8
Let s(r) = 3*r**2 + 19*r - 149. Give s(-13).
111
Let o(h) = 73*h + 220. Determine o(-3).
1
Let n(y) = 3*y**2 - 178*y - 1838. Calculate n(-9).
7
Let a(p) = 17*p**3 + 78*p - 79. Determine a(1).
16
Let z(q) = -190*q + 963. Determine z(5).
13
Let m(k) = 4*k**2 + k + 2. Determine m(5).
107
Let f(d) = 35*d + 307. Give f(-10).
-43
Let w(c) = 304*c + 1213. What is w(-4)?
-3
Let m(r) = -43*r + 972. Calculate m(30).
-318
Let m(t) = -3*t**3 + 156*t**2 - 165*t + 622. Calculate m(51).
10
Let b(c) = -36*c + 151. Calculate b(4).
7
Let c(q) = 12*q - 312. What is c(23)?
-36
Let k(b) = -5*b**3 + 63*b**2 + 17*b + 112. What is k(13)?
-5
Let n(l) = -l**2 - 68*l + 3034. Determine n(30).
94
Let m(x) = x**3 - 31*x**2 + 136*x - 757. Determine m(27).
-1
Let j(z) = z**3 + 9*z**2 - 18*z - 5. What is j(-11)?
-49
Let m(h) = 15*h**2 + 302*h - 16. Give m(-20).
-56
Let q(k) = -k**2 - 26*k + 125. Calculate q(-30).
5
Let y(b) = -17*b**3 - 31*b**2 - 11*b - 3. Give y(-1).
-6
Let m(f) = f**3 - 8*f**2 - 38*f + 145. What is m(10)?
-35
Let y(b) = -43*b**2 - 46*b - 92. Determine y(-2).
-172
Let v(t) = -294*t + 2644. What is v(9)?
-2
Let r(w) = 240*w - 19205. Calculate r(80).
-5
Let i(y) = 7*y**2 + 7*y + 129. Give i(-6).
339
Let q(l) = 1012*l - 16070. Give q(16).
122
Let i(l) = 36*l + 1195. Determine i(-33).
7
Let r(o) = -69*o - 868. What is r(-13)?
29
Let w(g) = -394*g + 2373. Calculate w(6).
9
Let o(w) = -65*w + 1106. Calculate o(17).
1
Let a(t) = t**3 + 7*t**2 + 63*t + 341. Determine a(-6).
-1
Let o(p) = -4*p**2 - 28*p - 13. Determine o(-7).
-13
Let i(f) = -9*f**2 - 83*f - 189. Calculate i(-4).
-1
Let h(g) = g**3 - 49*g**2 + 90*g + 194. What is h(47)?
6
Let l(v) = v**3 - 199*v**2 - 570*v - 7276. Calculate l(202).
-4
Let p(r) = -3*r**3 - 65*r**2 + 23*r + 30. What is p(-22)?
8
Let x(n) = 30*n + 618. Calculate x(-17).
108
Let f(q) = 2*q**2 + 65*q - 129. Give f(2).
9
Let n(x) = -x**3 - 9*x**2 + 330*x - 714. Calculate n(-24).
6
Let m(f) = -106*f + 209. Calculate m(2).
-3
Let c(q) = 66*q - 136. What is c(10)?
524
Let w(u) = u**2 + 8*u - 28. Determine w(-11).
5
Let t(p) = -11*p**2 - 2740*p + 5261. Give t(-251).
-10
Let u(i) = 229*i**2 + 2061*i + 12. Give u(-9).
12
Let f(s) = s + 158. Determine f(-6).
152
Let i(v) = v**2 + 158*v + 5174. Determine i(-46).
22
Let c(l) = l**3 - 2*l**2 - 6*l + 11. Give c(5).
56
Let q(m) = -m**3 - 89*m**2 + 3420*m - 264. What is q(-118)?
-28
Let i(h) = -11*h**2 + 3*h + 4. Give i(-1).
-10
Let z(y) = -3*y + 34. Determine z(14).
-8
Let d(t) = -2*t**2 + 45*t - 190. What is d(17)?
-3
Let s(u) = u**3 + 16*u**2 + 24*u - 47. Give s(-14).
9
Let p(j) = -1425*j + 11398. What is p(8)?
-2
Let r(z) = 198*z**2 - 1385*z - 8. Determine r(7).
-1
Let n(b) = -6*b**2 - 374*b - 116. What is n(-62)?
8
Let r(h) = -h**3 + 25*h**2 - 79*h + 10. What is r(21)?
115
Let q(r) = 2*r**2 - 100. What is q(7)?
-2
Let k(g) = -g**2 - 44*g + 145. What is k(-47)?
4
Let m(b) = -6*b - 417. Give m(-67).
-15
Let g(d) = -10*d**3 - 67*d**2 + 22*d + 4. Determine g(-7).
-3
Let x(k) = -122*k + 1325. Determine x(8).
349
Let k(l) = 2*l**2 - 112*l - 876. Give k(63).
6
Let j(v) = v**3 - 47*v**2 - 99*v + 1. Determine j(49).
-48
Let p(r) = -r**3 - 31*r**2 - 183*r - 2776. What is p(-28)?
-4
Let a(z) = -92*z**2 + 6993*z - 63. What is a(76)?
13
Let k(w) = -13*w**2 + 237*w + 194. What is k(19)?
4
Let g(l) = 2*l**2 + 11*l - 200. Give g(-13).
-5
Let c(u) = 716*u + 2154. Determine c(-3).
6
Let g(n) = -n**3 + 18*n**2 - 14*n - 76. Calculate g(17).
-25
Let m(c) = 9*c**2 - 5*c - 69. Give m(0).
-69
Let y(j) = -j**3 + 51*j**2 + 60*j - 44. Give y(52).
372
Let p(f) = 423*f - 2528. Calculate p(6).
10
Let h(c) = -c**3 - 22*c**2 + 57*c + 243. Calculate h(-24).
27
Let g(y) = -5*y**3 - 2*y**2 + 5*y - 55. Calculate g(0).
-55
Let w(h) = h**3 + 9*h**2 + 2*h - 186. Calculate w(6).
366
Let u(w) = -15*w**2 + 117*w - 7. What is u(9)?
-169
Let n(v) = -4*v**3 + 137*v**2 - 672*v - 20. Determine n(6).
16
Let m(z) = -z**3 - 20*z**2 - 64*z - 21. What is m(-16)?
-21
Let c(u) = u**3 - 73*u**2 + 62*u + 720. Give c(72).
0
Let v(b) = -4*b**2 + 31*b - 11. Give v(10).
-101
Let z(c) = -159*c**2 + 2226*c - 2. Determine z(14).
-2
Let f(d) = d**3 - 2*d**2 - 6*d - 31. Give f(5).
14
Let s(w) = -w**3 - 246*w**2 - 6110*w - 1311. What is s(-218)?
-3
Let k(l) = 5*l**2 + 135*l - 563. Give k(-31).
57
Let m(i) = -3*i**2 + 19*i - 33. What is m(2)?
-7
Let s(p) = 401*p + 3122. Calculate s(-8).
-86
Let g(j) = j**3 - 12*j**2 - 42*j + 567. Calculate g(11).
-16
Let a(d) = -2*d**3 - 12*d**2 + 12*d + 11. What is a(-8)?
171
Let p(f) = -55*f**2 + 488*f + 18. Give